visor of 100 and 3880?
20
Calculate the greatest common divisor of 1544620 and 44.
44
Calculate the highest common divisor of 3164 and 423298.
226
What is the highest common divisor of 2240 and 1060920?
280
What is the greatest common factor of 194405 and 41890?
295
Calculate the highest common divisor of 9071 and 5875.
47
Calculate the highest common divisor of 143497 and 299.
23
Calculate the highest common divisor of 147 and 1264592.
49
What is the highest common divisor of 253 and 20249361?
253
What is the greatest common divisor of 2599 and 904?
113
Calculate the highest common divisor of 2913 and 31.
1
What is the greatest common divisor of 267 and 515043?
267
Calculate the highest common factor of 276 and 204.
12
Calculate the highest common factor of 195257 and 58.
29
Calculate the greatest common divisor of 34947 and 198.
99
Calculate the highest common factor of 18 and 48726.
18
Calculate the greatest common divisor of 3632890 and 620.
310
Calculate the greatest common divisor of 45809 and 38.
19
Calculate the greatest common divisor of 84050 and 50.
50
What is the greatest common divisor of 40 and 45568?
8
Calculate the highest common factor of 1287 and 31053.
33
What is the greatest common factor of 1032 and 6108?
12
Calculate the highest common factor of 174 and 462347.
29
Calculate the highest common factor of 1651 and 1092.
13
What is the highest common factor of 7124 and 9590?
274
What is the highest common factor of 4653 and 890274?
1551
Calculate the greatest common factor of 2445 and 2773445.
815
Calculate the highest common factor of 150096 and 159.
159
What is the highest common divisor of 23214 and 2226?
318
Calculate the highest common factor of 10 and 546005.
5
Calculate the highest common divisor of 15933 and 10951.
47
Calculate the highest common divisor of 1387 and 438.
73
What is the greatest common factor of 9329 and 304?
19
What is the greatest common factor of 148 and 81067?
37
Calculate the greatest common divisor of 115792 and 16.
16
Calculate the greatest common factor of 12 and 3884550.
6
Calculate the greatest common divisor of 456082 and 33.
11
Calculate the greatest common divisor of 5567 and 1406.
19
Calculate the greatest common divisor of 1372 and 334719.
49
What is the highest common divisor of 929630 and 260?
130
What is the greatest common divisor of 150 and 82020?
30
Calculate the highest common factor of 483 and 1227441.
69
What is the highest common factor of 1194228 and 90?
18
Calculate the highest common factor of 486648 and 5400.
216
Calculate the greatest common factor of 243 and 29457.
27
What is the greatest common factor of 90 and 24435?
45
Calculate the highest common factor of 64 and 159904.
32
What is the highest common divisor of 3878660 and 59?
59
Calculate the highest common divisor of 13300 and 92400.
700
Calculate the highest common factor of 801 and 241457.
89
Calculate the highest common factor of 108 and 459.
27
Calculate the greatest common factor of 870 and 1007025.
435
What is the highest common divisor of 268 and 28341?
67
What is the greatest common factor of 219539 and 59?
59
Calculate the highest common divisor of 1860 and 22956.
12
Calculate the highest common divisor of 240 and 9320.
40
What is the highest common factor of 34251 and 3675?
147
Calculate the highest common factor of 9087 and 312.
39
Calculate the greatest common factor of 112 and 3177608.
56
Calculate the highest common divisor of 8100 and 390.
30
Calculate the greatest common divisor of 4945 and 20425.
215
Calculate the highest common factor of 565 and 55.
5
Calculate the highest common divisor of 38 and 3802888.
38
What is the highest common divisor of 255528 and 27300?
1092
What is the greatest common divisor of 6721 and 267007?
611
What is the greatest common divisor of 180 and 33000?
60
What is the greatest common factor of 22779 and 81?
9
What is the greatest common divisor of 988600 and 200?
200
Calculate the greatest common divisor of 390 and 1274.
26
Calculate the highest common divisor of 2758 and 9142.
14
What is the highest common divisor of 208 and 188912?
16
What is the highest common divisor of 210 and 2024115?
15
What is the highest common factor of 34 and 338402?
34
What is the highest common divisor of 12910 and 3980?
10
What is the highest common factor of 4 and 6172?
4
What is the highest common divisor of 47913 and 3?
3
What is the greatest common divisor of 3735 and 70135?
415
Calculate the highest common divisor of 715160 and 120.
40
What is the greatest common factor of 61772 and 16?
4
Calculate the greatest common factor of 154 and 5102636.
154
What is the greatest common divisor of 8360 and 504640?
760
Calculate the highest common factor of 92688 and 168.
24
What is the greatest common factor of 51701 and 39?
13
What is the highest common factor of 490025 and 850?
425
Calculate the greatest common divisor of 4579 and 6507.
241
What is the highest common factor of 5365 and 4379?
29
What is the greatest common factor of 16287 and 5073?
267
Calculate the greatest common factor of 2013 and 1947.
33
What is the greatest common factor of 851 and 15479?
23
Calculate the highest common divisor of 357 and 741795.
51
Calculate the highest common divisor of 712618 and 5870.
1174
What is the greatest common factor of 390 and 39845?
65
What is the greatest common divisor of 3644680 and 215?
215
Calculate the greatest common factor of 104 and 28093.
13
What is the highest common divisor of 2320 and 2700?
20
Calculate the highest common factor of 45524 and 76.
76
Calculate the highest common factor of 9975 and 311125.
475
Calculate the highest common divisor of 820 and 280030.
410
Calculate the greatest common factor of 324 and 362.
2
What is the greatest common factor of 94644 and 264?
132
Calculate the greatest common divisor of 1024 and 55840.
32
Calculate the highest common divisor of 9348 and 48.
12
Calculate the greatest common divisor of 1133 and 1287.
11
Calculate the greatest common factor of 14883 and 4797.
123
What is the greatest common factor of 144 and 42180?
12
Calculate the highest common divisor of 232 and 33698.
58
Calculate the highest common divisor of 35 and 106365.
35
What is the highest common divisor of 51625 and 1180?
295
Calculate the highest common divisor of 43 and 173677.
43
What is the greatest common factor of 2532024 and 24?
24
What is the greatest common factor of 341 and 5896?
11
Calculate the greatest common divisor of 31900 and 2156.
44
Calculate the greatest common factor of 21 and 3647.
7
What is the greatest common factor of 18025 and 9695?
35
Calculate the greatest common divisor of 260 and 234052.
52
Calculate the highest common factor of 2676 and 72.
12
Calculate the greatest common factor of 42 and 29960.
14
What is the greatest common factor of 295965 and 1395?
45
What is the highest common factor of 154906 and 5402?
146
What is the highest common factor of 25324 and 20941?
487
Calculate the highest common divisor of 2262649 and 17.
17
Calculate the highest common divisor of 186 and 11610.
6
What is the greatest common factor of 288 and 15?
3
What is the greatest common divisor of 1309316 and 248?
124
Calculate the greatest common factor of 7329 and 24.
3
Calculate the highest common divisor of 98088 and 24.
24
Calculate the greatest common divisor of 44039 and 564.
47
What is the greatest common divisor of 113187 and 87?
87
What is the greatest common factor of 71625 and 38391?
573
What is the highest common factor of 4181 and 37?
37
What is the greatest common divisor of 205 and 12013?
41
Calculate the greatest common factor of 4719 and 182226.
363
What is the highest common divisor of 584 and 2589894?
146
Calculate the greatest common factor of 3129 and 28.
7
What is the highest common factor of 1333 and 250303?
43
What is the greatest common divisor of 104 and 241592?
104
Calculate the greatest common divisor of 324615 and 190.
95
Calculate the highest common divisor of 3928 and 1336.
8
What is the greatest common factor of 963930 and 15?
15
What is the greatest common factor of 341 and 10967?
11
Calculate the greatest common factor of 762504 and 48.
24
Calculate the greatest common factor of 1548 and 243810.
774
Calculate the greatest common 